{"id":7,"date":"2019-03-15T15:40:12","date_gmt":"2019-03-15T15:40:12","guid":{"rendered":"http:\/\/jens-abraham.com\/?page_id=7"},"modified":"2022-02-23T12:48:23","modified_gmt":"2022-02-23T12:48:23","slug":"ueber-25-jahre","status":"publish","type":"page","link":"https:\/\/jens-abraham.com\/","title":{"rendered":"\u00dcber 30 Jahre&#8230;"},"content":{"rendered":"\n<div class=\"wp-block-image\"><figure class=\"aligncenter is-resized\"><img loading=\"lazy\" src=\"https:\/\/jens-abraham.com\/wp-content\/uploads\/2019\/03\/JA_Logo_300dpi_rgb.jpg\" alt=\"\" class=\"wp-image-8\" width=\"466\" height=\"392\" srcset=\"https:\/\/jens-abraham.com\/wp-content\/uploads\/2019\/03\/JA_Logo_300dpi_rgb.jpg 591w, https:\/\/jens-abraham.com\/wp-content\/uploads\/2019\/03\/JA_Logo_300dpi_rgb-300x253.jpg 300w\" sizes=\"(max-width: 466px) 100vw, 466px\" \/><\/figure><\/div>\n\n\n\n<p>&#8230;IT-Projekt- Erfahrung in Industrie und Verwaltung.<\/p>\n\n\n\n<p>Methodisch fundierte Abdeckung des gesamten Software-Prozesses von Anforderungsanalyse, Entwurf, Implementierung, Qualit\u00e4tssicherung, Inbetriebnahme, Wartung und Schulung von Software-Systemen in jeder Gr\u00f6\u00dfe. Insbesondere:<\/p>\n\n\n\n<p>1. Automatisierung von Gesch\u00e4ftsprozessen im\nInternet-of-Things-(IoT)-Umfeld.<\/p>\n\n\n\n<p>2. Analytische Massendatenverarbeitung\n(BigData\/ComplexEventProcessing).<\/p>\n","protected":false},"excerpt":{"rendered":"<p>&#8230;IT-Projekt- Erfahrung in Industrie und Verwaltung. Methodisch fundierte Abdeckung des gesamten Software-Prozesses von Anforderungsanalyse, Entwurf, Implementierung, Qualit\u00e4tssicherung, Inbetriebnahme, Wartung und Schulung von Software-Systemen in jeder Gr\u00f6\u00dfe. Insbesondere: 1. Automatisierung von Gesch\u00e4ftsprozessen im Internet-of-Things-(IoT)-Umfeld. 2. Analytische Massendatenverarbeitung (BigData\/ComplexEventProcessing).<\/p>\n","protected":false},"author":1,"featured_media":0,"parent":0,"menu_order":0,"comment_status":"closed","ping_status":"closed","template":"","meta":[],"featured_image_src":null,"featured_image_src_square":null,"_links":{"self":[{"href":"https:\/\/jens-abraham.com\/index.php?rest_route=\/wp\/v2\/pages\/7"}],"collection":[{"href":"https:\/\/jens-abraham.com\/index.php?rest_route=\/wp\/v2\/pages"}],"about":[{"href":"https:\/\/jens-abraham.com\/index.php?rest_route=\/wp\/v2\/types\/page"}],"author":[{"embeddable":true,"href":"https:\/\/jens-abraham.com\/index.php?rest_route=\/wp\/v2\/users\/1"}],"replies":[{"embeddable":true,"href":"https:\/\/jens-abraham.com\/index.php?rest_route=%2Fwp%2Fv2%2Fcomments&post=7"}],"version-history":[{"count":4,"href":"https:\/\/jens-abraham.com\/index.php?rest_route=\/wp\/v2\/pages\/7\/revisions"}],"predecessor-version":[{"id":48,"href":"https:\/\/jens-abraham.com\/index.php?rest_route=\/wp\/v2\/pages\/7\/revisions\/48"}],"wp:attachment":[{"href":"https:\/\/jens-abraham.com\/index.php?rest_route=%2Fwp%2Fv2%2Fmedia&parent=7"}],"curies":[{"name":"wp","href":"https:\/\/api.w.org\/{rel}","templated":true}]}}