{"id":28,"date":"2019-03-15T15:59:34","date_gmt":"2019-03-15T15:59:34","guid":{"rendered":"http:\/\/jens-abraham.com\/?page_id=28"},"modified":"2022-02-23T12:49:18","modified_gmt":"2022-02-23T12:49:18","slug":"datenschutzerklaerung","status":"publish","type":"page","link":"https:\/\/jens-abraham.com\/?page_id=28","title":{"rendered":"Datenschutzerkl\u00e4rung"},"content":{"rendered":"\n<p class=\"has-text-align-center\">Vom 01.02.2022<\/p>\n\n\n\n<p>Diese Datenschutzerkl\u00e4rung soll die Nutzer dieser Website \u00fcber die Art, den Umfang und den Zweck der Erhebung und Verwendung personenbezogener Daten durch den Websitebetreiber (Jens Abraham, Schellenbergstr. 2, D-82438 Eschenlohe) informieren.<\/p>\n\n\n\n<p>Der Websitebetreiber nimmt Ihren Datenschutz sehr ernst und behandelt Ihre personenbezogenen Daten vertraulich und entsprechend der gesetzlichen Vorschriften. Da durch neue Technologien und die st\u00e4ndige Weiterentwicklung dieser Webseite \u00c4nderungen an dieser Datenschutzerkl\u00e4rung vorgenommen werden k\u00f6nnen, empfehle ich Ihnen, sich die Datenschutzerkl\u00e4rung in regelm\u00e4\u00dfigen Abst\u00e4nden wieder durchzulesen.<\/p>\n\n\n\n<p>Definitionen der verwendeten Begriffe (z.B. \u201cpersonenbezogene Daten\u201d oder \u201cVerarbeitung\u201d) finden Sie in Art. 4 DSGVO.<\/p>\n\n\n\n<h2>Zugriffsdaten<\/h2>\n\n\n\n<p>Wir, der Websitebetreiber und der Seitenprovider (Website-Hosting-Dienstleister), erheben aufgrund unseres berechtigten Interesses (s. Art. 6 Abs. 1 lit. f. DSGVO) Daten \u00fcber Zugriffe auf die Website und speichern diese als \u201eServer-Logfiles\u201c auf dem Server der Website ab. Folgende Daten werden so protokolliert:<\/p>\n\n\n\n<ul><li>Besuchte Website<\/li><li>Uhrzeit zum Zeitpunkt des Zugriffes<\/li><li>Menge der gesendeten Daten in Byte<\/li><li>Quelle\/Verweis, von welchem Sie auf die Seite gelangten<\/li><li>Verwendeter Browser<\/li><li>Verwendetes Betriebssystem<\/li><li>Verwendete IP-Adresse<\/li><\/ul>\n\n\n\n<p>Aus datenschutzrechtlichen Gr\u00fcnden wird in den Logfiles der Hostname bzw. die IP-Adresse des Clients, der diese Website aufruft, anonymisiert. In den Logfiles werden nur die Eintr\u00e4ge f\u00fcr den Host des Clients oder, wenn dieser nicht  ermittelbar ist, die IP-Adresse des Clients anonymisiert. Das Format aller  anderen Eintr\u00e4ge \u00e4ndert sich nicht. Die ersten 9 Bit der IP-Adresse des Eintrags werden in einen Hash-Wert umgewandelt. So k\u00f6nnte aus der IP-Adresse 123.123.123.123 die &#8222;anonyme&#8220; IP-Adresse 123.123.122.243 werden. Eine anonymisierte IP-Adresse beh\u00e4lt maximal 24 Stunden ihre G\u00fcltigkeit. Danach w\u00fcrde aus derselben Ausgangs-IP-Adresse eine andere &#8222;anonyme&#8220; IP-Adresse werden.<\/p>\n\n\n\n<p>Diese Server-Logfiles werden f\u00fcr maximal 400 Tage gespeichert (im Regelfall nur 6 Wochen) und anschlie\u00dfend gel\u00f6scht. Die Speicherung der Daten erfolgt aus Sicherheitsgr\u00fcnden, um z. B. Missbrauchsf\u00e4lle aufkl\u00e4ren zu k\u00f6nnen. M\u00fcssen Daten aus Beweisgr\u00fcnden aufgehoben werden, sind sie solange von der L\u00f6schung ausgenommen bis der Vorfall endg\u00fcltig gekl\u00e4rt ist.<\/p>\n\n\n\n<h2>Kontakt via Email<br><\/h2>\n\n\n\n<p>Treten Sie per Email mit mir in Kontakt, werden folgende Informationen auf meinem Server bzw. auf den Servern meines Email-Providers gespeichert:<\/p>\n\n\n\n<ul><li>Email-Adresse<\/li><li>Inhalt der Mail<\/li><\/ul>\n\n\n\n<p>Die Aufbewahrungsfrist f\u00fcr Emails unterliegen je nach der Art der Mail gesetzlichen Vorgaben.<\/p>\n","protected":false},"excerpt":{"rendered":"<p>Vom 01.02.2022 Diese Datenschutzerkl\u00e4rung soll die Nutzer dieser Website \u00fcber die Art, den Umfang und den Zweck der Erhebung und Verwendung personenbezogener Daten durch den Websitebetreiber (Jens Abraham, Schellenbergstr. 2, D-82438 Eschenlohe) informieren. Der Websitebetreiber nimmt Ihren Datenschutz sehr ernst und behandelt Ihre personenbezogenen Daten vertraulich und entsprechend der gesetzlichen Vorschriften. Da durch neue Technologien &hellip;<\/p>\n","protected":false},"author":2,"featured_media":0,"parent":0,"menu_order":0,"comment_status":"closed","ping_status":"closed","template":"","meta":[],"featured_image_src":null,"featured_image_src_square":null,"_links":{"self":[{"href":"https:\/\/jens-abraham.com\/index.php?rest_route=\/wp\/v2\/pages\/28"}],"collection":[{"href":"https:\/\/jens-abraham.com\/index.php?rest_route=\/wp\/v2\/pages"}],"about":[{"href":"https:\/\/jens-abraham.com\/index.php?rest_route=\/wp\/v2\/types\/page"}],"author":[{"embeddable":true,"href":"https:\/\/jens-abraham.com\/index.php?rest_route=\/wp\/v2\/users\/2"}],"replies":[{"embeddable":true,"href":"https:\/\/jens-abraham.com\/index.php?rest_route=%2Fwp%2Fv2%2Fcomments&post=28"}],"version-history":[{"count":3,"href":"https:\/\/jens-abraham.com\/index.php?rest_route=\/wp\/v2\/pages\/28\/revisions"}],"predecessor-version":[{"id":49,"href":"https:\/\/jens-abraham.com\/index.php?rest_route=\/wp\/v2\/pages\/28\/revisions\/49"}],"wp:attachment":[{"href":"https:\/\/jens-abraham.com\/index.php?rest_route=%2Fwp%2Fv2%2Fmedia&parent=28"}],"curies":[{"name":"wp","href":"https:\/\/api.w.org\/{rel}","templated":true}]}}